*3 - 10*o**2 - 5*o + 18. Give r(0).
18
Let o(j) = 14*j**2 + 3*j + 3. Calculate o(-1).
14
Let d(v) = -2*v**3 - 42*v**2 + 40*v - 83. Determine d(-22).
5
Let n(y) = -128*y + 7505. What is n(59)?
-47
Let h(z) = 965*z + 1966. What is h(-2)?
36
Let l(k) = 2*k**2 - 60*k + 107. Calculate l(28).
-5
Let n(c) = 67*c - 1137. Determine n(16).
-65
Let s(u) = 51*u**2 - 2294*u - 40. Give s(45).
5
Let i(j) = j**3 - 55*j**2 + 78*j - 1288. Calculate i(54).
8
Let r(t) = -86*t**2 - 79*t. Determine r(-1).
-7
Let x(l) = 24*l + 801. Calculate x(-35).
-39
Let g(b) = 85*b - 154. Give g(-3).
-409
Let w(d) = 55*d + 29. What is w(-1)?
-26
Let i(f) = -f**3 - 7*f**2 - 24*f - 169. Determine i(-7).
-1
Let q(p) = -p**3 + 5*p**2 + 5*p + 9. What is q(5)?
34
Let o(c) = -3*c**3 + 2*c**2 + 16*c - 50. What is o(3)?
-65
Let l(k) = 2*k**2 - 52*k + 210. Calculate l(20).
-30
Let f(o) = 338*o + 1670. Calculate f(-5).
-20
Let z(l) = 49*l**2 + 72*l - 2. What is z(-2)?
50
Let l(r) = -2*r**2 - 182*r + 87. Calculate l(-92).
-97
Let j(l) = l**2 + 33*l - 115. Calculate j(-42).
263
Let h(a) = -71*a - 4578. Calculate h(-64).
-34
Let q(y) = 7*y**2 - 16*y + 20. Give q(4).
68
Let b(x) = x**3 + 4*x**2 + 8*x + 40. Determine b(6).
448
Let s(y) = -y**3 + 9*y**2 - 46*y + 765. Give s(11).
17
Let k(g) = -g**3 - 11*g**2 - 553*g - 7519. Calculate k(-13).
8
Let d(x) = 210*x + 186. Calculate d(0).
186
Let d(c) = -8*c - 176. Calculate d(-10).
-96
Let a(u) = -7*u**3 + 55*u**2 - 73*u + 3. Give a(6).
33
Let t(p) = -99*p**2 - 1501*p - 234. Calculate t(-15).
6
Let p(q) = 4*q**3 - 38*q**2 + 36*q - 166. Determine p(9).
-4
Let l(t) = t**3 + 9*t**2 - 72*t - 462. Calculate l(-6).
78
Let m(c) = -c**2 - 31*c + 357. Determine m(-40).
-3
Let m(w) = 90*w - 2122. Determine m(29).
488
Let k(a) = 2*a**2 + 9*a - 28. Determine k(0).
-28
Let c(j) = -2*j**3 + 15*j**2 - 18*j - 6. Calculate c(2).
2
Let w(k) = -11*k + 59. Give w(-7).
136
Let r(d) = d**3 - 18*d**2 + 103*d - 1879. Give r(18).
-25
Let g(p) = -312*p + 36809. Give g(118).
-7
Let i(s) = 2*s**3 - 32*s**2 + 43*s - 187. Give i(15).
8
Let z(n) = -3*n**3 - 31*n**2 - 16*n - 41. Calculate z(-10).
19
Let r(v) = 33*v - 122. Calculate r(4).
10
Let y(v) = 15*v**2 - 192*v - 263. What is y(14)?
-11
Let g(f) = -f**3 + 19*f**2 + 34*f - 22. What is g(20)?
258
Let n(j) = -29*j + 123. Calculate n(7).
-80
Let f(y) = 2*y**2 + 133*y + 1524. Give f(-52).
16
Let g(q) = -9*q**2 - 25*q - 115. Determine g(-4).
-159
Let q(r) = 433*r - 41. Give q(0).
-41
Let i(j) = -j**3 + 4*j**2 - 18*j - 89. What is i(-4)?
111
Let a(h) = -2*h**2 + 261*h - 1499. Give a(6).
-5
Let k(w) = -w**2 - 17*w + 12. What is k(11)?
-296
Let u(l) = -220*l - 1490. Give u(-5).
-390
Let r(l) = -l**2 + 255*l + 506. Calculate r(-2).
-8
Let b(g) = -g**3 + 32*g**2 - 28*g - 99. What is b(31)?
-6
Let y(d) = 484*d - 2850. Determine y(6).
54
Let o(g) = -280*g + 44212. Give o(158).
-28
Let f(l) = 2*l - 49. Give f(25).
1
Let w(x) = x**3 + 19*x**2 + 41*x + 116. Give w(-17).
-3
Let y(j) = 16*j - 121. What is y(0)?
-121
Let k(s) = 2*s**2 + 35*s + 119. Give k(-13).
2
Let p(m) = m**2 + 21*m + 40. Determine p(-19).
2
Let q(f) = 54*f - 110. Calculate q(4).
106
Let f(l) = 80*l + 917. Give f(-11).
37
Let l(i) = i - 48. What is l(43)?
-5
Let p(a) = a**3 + 7*a**2 + 88*a + 776. Give p(-8).
8
Let c(v) = -v**3 + 3*v**2 + v + 37. Give c(5).
-8
Let z(t) = 411*t - 62058. Give z(151).
3
Let b(r) = -2*r**3 + 9*r**2 - 10*r - 21. Calculate b(3).
-24
Let q(d) = -96*d**2 - 147. What is q(0)?
-147
Let p(s) = s - 63. Calculate p(56).
-7
Let r(s) = -227*s + 155. What is r(1)?
-72
Let j(l) = -3*l**2 - 25*l. Determine j(-3).
48
Let z(p) = -6*p**3 + 196*p**2 + 70*p - 129. Determine z(33).
3
Let h(g) = 372*g + 2592. Calculate h(-7).
-12
Let d(u) = -3*u + 75. Determine d(-7).
96
Let j(c) = 23*c - 33. Determine j(15).
312
Let n(j) = -177*j + 540. Determine n(3).
9
Let g(q) = -2*q**3 + 57*q**2 - 26*q - 48. What is g(28)?
8
Let t(i) = 17*i - 333. Determine t(18).
-27
Let s(j) = -j**2 - 5*j - 94. Give s(0).
-94
Let t(g) = -244*g + 763. Give t(3).
31
Let d(o) = 21*o**3 + 43*o**2 - 48*o + 3. Determine d(1).
19
Let k(x) = -98*x**3. Give k(2).
-784
Let t(n) = -713*n - 33508. Give t(-47).
3
Let k(l) = -642*l**3 + l**2 - 4*l + 4. Give k(1).
-641
Let q(n) = 192*n + 2502. Determine q(-13).
6
Let o(m) = 3*m**2 - 130*m + 623. What is o(38)?
15
Let g(s) = -s**2 - 121*s - 304. Give g(-118).
50
Let b(q) = -q**2 - 41*q - 589. What is b(-44)?
-721
Let b(a) = a**3 + 7*a**2 + 4*a - 5. Determine b(-5).
25
Let c(z) = z**3 + 7*z**2 + 11*z + 74. Give c(-8).
-78
Let i(l) = -615*l - 20290. What is i(-33)?
5
Let l(o) = -1239*o + 58223. Give l(47).
-10
Let n(v) = 8*v**2 - 326*v - 58. Calculate n(41).
24
Let b(r) = -32*r + 665. What is b(28)?
-231
Let l(b) = -2*b**3 - 2*b**2 + 13*b + 28. Give l(-2).
10
Let s(n) = 7*n**2 - 429*n - 321. Give s(62).
-11
Let d(a) = 2*a**3 - 176*a**2 + 176*a - 153. Give d(87).
21
Let g(v) = -30*v - 341. Determine g(-11).
-11
Let u(t) = 37*t**2 + 5*t + 27. Calculate u(0).
27
Let l(r) = 57*r**2 + 575*r + 64. Determine l(-10).
14
Let i(s) = -s**2 - 335*s - 15202. Calculate i(-54).
-28
Let t(m) = -m**3 + 98*m**2 - 287*m + 196. Give t(95).
6
Let h(m) = m**3 + 7*m**2 - 34*m + 81. Calculate h(-12).
-231
Let g(d) = 270*d - 14329. Determine g(53).
-19
Let q(b) = -b**2 - 2*b + 65. Give q(-15).
-130
Let q(h) = -h**3 - 14*h**2 - 63*h - 121. Determine q(-8).
-1
Let f(n) = 40*n**3 + 23*n**2 + 22*n - 2. Determine f(-1).
-41
Let n(j) = -5*j**3 - 205*j**2 + j + 54. Calculate n(-41).
13
Let w(p) = 4*p**2 - 100*p - 50. What is w(24)?
-146
Let i(l) = 897*l - 2680. What is i(3)?
11
Let i(d) = d**3 - 24*d**2 + 144*d - 4. Determine i(7).
171
Let f(u) = u**2 - 226*u - 61752. Determine f(386).
8
Let p(m) = -35*m**2 - 101*m + 2. Calculate p(-3).
-10
Let b(n) = 8377*n - 209421. Give b(25).
4
Let b(m) = 6*m**2 - 7*m - 8. Determine b(6).
166
Let v(a) = 15*a**3 - 16*a**2 + 5*a - 3. Calculate v(3).
273
Let m(c) = c**2 + 71*c + 1025. Give m(-20).
5
Let d(c) = c**2 + 509*c - 3104. Give d(6).
-14
Let p(s) = 5*s - 14. Calculate p(-26).
-144
Let u(g) = -2*g - 608. What is u(79)?
-766
Let a(i) = -4088*i - 20439. Give a(-5).
1
Let h(s) = -3*s**3 + 9*s - 1. Determine h(-4).
155
Let j(o) = 5*o**3 - 4*o**2 + 9*o + 62. Determine j(-4).
-358
Let d(j) = 743*j - 6691. Determine d(9).
-4
Let a(c) = c**3 + 66*c**2 + 130*c + 124. Calculate a(-64).
-4
Let y(z) = 2*z - 192. What is y(57)?
-78
Let w(h) = -15*h - 24. Give w(-3).
21
Let l(o) = -112*o + 13. What is l(-2)?
237
Let a(v) = -v**3 - 30*v**2 - 71*v - 488. Determine a(-28).
-68
Let t(b) = -3*b + 116. Calculate t(29).
29
Let b(a) = -67*a + 2428. What is b(34)?
150
Let x(j) = -j**3 - 12*j**2 - 11*j + 6. Calculate x(-5).
-114
Let k(z) = -3767*z - 67800. Determine k(-18).
6
Let j(n) = 140*n - 610. Give j(6).
230
Let w(j) = 39*j + 266. Give w(-7).
-7
Let q(m) = 548*m - 101933. Calculate q(186).
-5
Let f(w) = -204*w + 1788. What is f(13)?
-864
Let k(n) = 2*n**2 + 62*n + 304. Calculate k(-25).
4
Let z(x) = -6*x**2 + 40*x - 202. Give z(5).
-152
Let f(d) = -2*d**2 + 187*d - 3963. What is f(60)?
57
Let l(x) = -8*x**2 + 139*x - 448. Calculate l(3).
-103
Let u(o) = -o**2 - 165*o - 6781. What is u(-72)?
-85
Let n(d) = -2*d**2 + 415*d + 16983. Give n(-35).
8
Let i(s) = 2017*s - 2011. Determine i(1).
6
Let d(z) = -z**3 - 16*z**2 - 3*z + 18. Determine d(-16).
66
Let v(i) = -i**3 + 11*i**2 + 40*i - 302. Give v(12).
34
Let u(y) = 9*y**3 - 12*y**2 + 22*y - 42. What is u(2)?
26
Let a(b) = 180*b + 144. Calculate a(2).
504
Let b(v) = 681*v - 79004. Give b(116).
-8
Let t(m) = 29*m**2 - 46*m - 92. Determine t(-2).
116
Let p(n) = -n**2 - 65*n - 956. Give p(-42).
10
Let n(l) = l**2 + 64*l + 1060. Calculate n(-27).
61
Let p(d) = -3*d**3 - 30*d**2 - 159*d - 1600. Determine p(-10).
-10
Let h(z) = z**3 - 64*z**2 + 61*z + 124. What is h(63)?
-2
Let g(n) = 10*n**2 + 45*n + 3. What is g(-4)?
-17
Let f(t) = 2*t**2 + t - 1056. Calculate f(23).
25
Let u(w) = 359*w + 3178. Give u(-9).
-53
Let v(x) = -x**2 - 53*x - 100. Give v(-51).
2
Let g(r) = -10*r**2 - 342*r - 84. What is g(-34)?
-16
Let x(t) = -t - 101. Determine x(-16).
-85
Let q(r) = -149*r + 24. What is q(-2)?
322
Let n(b) = -16*b + 386. Give n(20).
66
Let o(i) = -1228*i + 8596. Calculate o(7).
0
Let f(n) = -29*n**2 - 7*n + 98. Determine f(0).